[INFO] cloning repository https://github.com/amitayadav/crud-actix
[INFO] running `Command { std: "git" "-c" "credential.helper=" "-c" "credential.helper=/workspace/cargo-home/bin/git-credential-null" "clone" "--bare" "https://github.com/amitayadav/crud-actix" "/workspace/cache/git-repos/https%3A%2F%2Fgithub.com%2Famitayadav%2Fcrud-actix", kill_on_drop: false }`
[INFO] [stderr] Cloning into bare repository '/workspace/cache/git-repos/https%3A%2F%2Fgithub.com%2Famitayadav%2Fcrud-actix'...
[INFO] running `Command { std: "git" "rev-parse" "HEAD", kill_on_drop: false }`
[INFO] [stdout] 7c919412bbea16fb209a1a5b4d0c1d9a50428929
[INFO] checking amitayadav/crud-actix against try#72f88fc4e9458f89516a0b8b0868f3718aec5b47 for pr-74989
[INFO] running `Command { std: "git" "clone" "/workspace/cache/git-repos/https%3A%2F%2Fgithub.com%2Famitayadav%2Fcrud-actix" "/workspace/builds/worker-14/source", kill_on_drop: false }`
[INFO] [stderr] Cloning into '/workspace/builds/worker-14/source'...
[INFO] [stderr] done.
[INFO] validating manifest of git repo https://github.com/amitayadav/crud-actix on toolchain 72f88fc4e9458f89516a0b8b0868f3718aec5b47
[INFO] running `Command { std: "/workspace/cargo-home/bin/cargo" "+72f88fc4e9458f89516a0b8b0868f3718aec5b47" "read-manifest" "--manifest-path" "Cargo.toml", kill_on_drop: false }`
[INFO] started tweaking git repo https://github.com/amitayadav/crud-actix
[INFO] finished tweaking git repo https://github.com/amitayadav/crud-actix
[INFO] tweaked toml for git repo https://github.com/amitayadav/crud-actix written to /workspace/builds/worker-14/source/Cargo.toml
[INFO] crate git repo https://github.com/amitayadav/crud-actix already has a lockfile, it will not be regenerated
[INFO] running `Command { std: "/workspace/cargo-home/bin/cargo" "+72f88fc4e9458f89516a0b8b0868f3718aec5b47" "fetch" "--locked" "--manifest-path" "Cargo.toml", kill_on_drop: false }`
[INFO] [stderr]  Downloading crates ...
[INFO] [stderr]   Downloaded trust-dns-proto v0.5.0-alpha.5
[INFO] [stderr]   Downloaded cdrs_helpers_derive v0.2.0
[INFO] [stderr]   Downloaded cdrs v2.0.0-beta.3
[INFO] running `Command { std: "docker" "create" "-v" "/var/lib/crater-agent-workspace/builds/worker-14/target:/opt/rustwide/target:rw,Z" "-v" "/var/lib/crater-agent-workspace/builds/worker-14/source:/opt/rustwide/workdir:ro,Z" "-v" "/var/lib/crater-agent-workspace/cargo-home:/opt/rustwide/cargo-home:ro,Z" "-v" "/var/lib/crater-agent-workspace/rustup-home:/opt/rustwide/rustup-home:ro,Z" "-e" "SOURCE_DIR=/opt/rustwide/workdir" "-e" "CARGO_TARGET_DIR=/opt/rustwide/target" "-e" "CARGO_HOME=/opt/rustwide/cargo-home" "-e" "RUSTUP_HOME=/opt/rustwide/rustup-home" "-w" "/opt/rustwide/workdir" "-m" "1610612736" "--user" "0:0" "--network" "none" "rustops/crates-build-env@sha256:d92eaeed33fa75130ca1ee6c8a01d1ffb62bac859dfdfb3450e3e5d1c0146529" "/opt/rustwide/cargo-home/bin/cargo" "+72f88fc4e9458f89516a0b8b0868f3718aec5b47" "metadata" "--no-deps" "--format-version=1", kill_on_drop: false }`
[INFO] [stdout] ca8007bf933337fc4c42def72e4755e912f3a1a4c28e62927b1d6993c2b0c08f
[INFO] [stderr] WARNING: Your kernel does not support swap limit capabilities or the cgroup is not mounted. Memory limited without swap.
[INFO] running `Command { std: "docker" "start" "-a" "ca8007bf933337fc4c42def72e4755e912f3a1a4c28e62927b1d6993c2b0c08f", kill_on_drop: false }`
[INFO] running `Command { std: "docker" "inspect" "ca8007bf933337fc4c42def72e4755e912f3a1a4c28e62927b1d6993c2b0c08f", kill_on_drop: false }`
[INFO] running `Command { std: "docker" "rm" "-f" "ca8007bf933337fc4c42def72e4755e912f3a1a4c28e62927b1d6993c2b0c08f", kill_on_drop: false }`
[INFO] [stdout] ca8007bf933337fc4c42def72e4755e912f3a1a4c28e62927b1d6993c2b0c08f
[INFO] running `Command { std: "docker" "create" "-v" "/var/lib/crater-agent-workspace/builds/worker-14/target:/opt/rustwide/target:rw,Z" "-v" "/var/lib/crater-agent-workspace/builds/worker-14/source:/opt/rustwide/workdir:ro,Z" "-v" "/var/lib/crater-agent-workspace/cargo-home:/opt/rustwide/cargo-home:ro,Z" "-v" "/var/lib/crater-agent-workspace/rustup-home:/opt/rustwide/rustup-home:ro,Z" "-e" "SOURCE_DIR=/opt/rustwide/workdir" "-e" "CARGO_TARGET_DIR=/opt/rustwide/target" "-e" "CARGO_INCREMENTAL=0" "-e" "RUST_BACKTRACE=full" "-e" "RUSTFLAGS=--cap-lints=forbid" "-e" "CARGO_HOME=/opt/rustwide/cargo-home" "-e" "RUSTUP_HOME=/opt/rustwide/rustup-home" "-w" "/opt/rustwide/workdir" "-m" "1610612736" "--user" "0:0" "--network" "none" "rustops/crates-build-env@sha256:d92eaeed33fa75130ca1ee6c8a01d1ffb62bac859dfdfb3450e3e5d1c0146529" "/opt/rustwide/cargo-home/bin/cargo" "+72f88fc4e9458f89516a0b8b0868f3718aec5b47" "check" "--frozen" "--all" "--all-targets" "--message-format=json", kill_on_drop: false }`
[INFO] [stdout] a1a9f3c7ead220a83ba569ddd5e70a518e1392f416584561fa58b8be86b9cb5f
[INFO] [stderr] WARNING: Your kernel does not support swap limit capabilities or the cgroup is not mounted. Memory limited without swap.
[INFO] running `Command { std: "docker" "start" "-a" "a1a9f3c7ead220a83ba569ddd5e70a518e1392f416584561fa58b8be86b9cb5f", kill_on_drop: false }`
[INFO] [stderr]    Compiling version_check v0.1.5
[INFO] [stderr]     Checking cfg-if v0.1.6
[INFO] [stderr]    Compiling cc v1.0.25
[INFO] [stderr]     Checking futures v0.1.25
[INFO] [stderr]     Checking scopeguard v0.3.3
[INFO] [stderr]     Checking crossbeam-utils v0.5.0
[INFO] [stderr]    Compiling semver-parser v0.7.0
[INFO] [stderr]     Checking void v1.0.2
[INFO] [stderr]     Checking stable_deref_trait v1.1.1
[INFO] [stderr]    Compiling unicode-xid v0.1.0
[INFO] [stderr]     Checking encoding_index_tests v0.1.4
[INFO] [stderr]     Checking memoffset v0.2.1
[INFO] [stderr]     Checking rustc-demangle v0.1.9
[INFO] [stderr]     Checking unicode-normalization v0.1.7
[INFO] [stderr]     Checking percent-encoding v1.0.1
[INFO] [stderr]    Compiling backtrace v0.2.3
[INFO] [stderr]    Compiling failure_derive v0.1.2
[INFO] [stderr]    Compiling siphasher v0.2.3
[INFO] [stderr]     Checking quick-error v1.2.2
[INFO] [stderr]    Compiling serde v1.0.80
[INFO] [stderr]     Checking fnv v1.0.6
[INFO] [stderr]     Checking itoa v0.4.3
[INFO] [stderr]    Compiling ryu v0.2.6
[INFO] [stderr]     Checking untrusted v0.6.2
[INFO] [stderr]    Compiling httparse v1.3.3
[INFO] [stderr]     Checking safemem v0.3.0
[INFO] [stderr]     Checking indexmap v1.0.2
[INFO] [stderr]     Checking byteorder v0.5.3
[INFO] [stderr]     Checking language-tags v0.2.2
[INFO] [stderr]     Checking iovec v0.1.2
[INFO] [stderr]     Checking num_cpus v1.8.0
[INFO] [stderr]     Checking hostname v0.1.5
[INFO] [stderr]     Checking rand v0.4.3
[INFO] [stderr]     Checking time v0.1.40
[INFO] [stderr]     Checking listenfd v0.3.3
[INFO] [stderr]     Checking rand_core v0.2.2
[INFO] [stderr]    Compiling dbghelp-sys v0.2.0
[INFO] [stderr]     Checking log v0.4.5
[INFO] [stderr]     Checking net2 v0.2.33
[INFO] [stderr]     Checking socket2 v0.3.8
[INFO] [stderr]     Checking uuid v0.6.5
[INFO] [stderr]     Checking unreachable v1.0.0
[INFO] [stderr]     Checking owning_ref v0.3.3
[INFO] [stderr]    Compiling proc-macro2 v0.1.10
[INFO] [stderr]     Checking signal-hook v0.1.5
[INFO] [stderr]     Checking encoding-index-japanese v1.20141219.5
[INFO] [stderr]     Checking encoding-index-korean v1.20141219.5
[INFO] [stderr]     Checking encoding-index-tradchinese v1.20141219.5
[INFO] [stderr]     Checking encoding-index-simpchinese v1.20141219.5
[INFO] [stderr]     Checking encoding-index-singlebyte v1.20141219.5
[INFO] [stderr]    Compiling semver v0.9.0
[INFO] [stderr]     Checking scheduled-thread-pool v0.2.0
[INFO] [stderr]     Checking base64 v0.9.3
[INFO] [stderr]     Checking bytes v0.4.10
[INFO] [stderr]     Checking resolv-conf v0.6.1
[INFO] [stderr]    Compiling proc-macro2 v0.4.20
[INFO] [stderr]     Checking lz4-compress v0.1.0
[INFO] [stderr]     Checking rand v0.5.5
[INFO] [stderr]    Compiling lazy_static v1.1.0
[INFO] [stderr]    Compiling unicase v1.4.2
[INFO] [stderr]    Compiling unicase v2.2.0
[INFO] [stderr]    Compiling memchr v2.1.0
[INFO] [stderr]    Compiling actix-web v0.7.13
[INFO] [stderr]     Checking smallvec v0.6.5
[INFO] [stderr]     Checking mio v0.6.16
[INFO] [stderr]     Checking lock_api v0.1.4
[INFO] [stderr]    Compiling syn v0.11.11
[INFO] [stderr]     Checking r2d2 v0.8.2
[INFO] [stderr]    Compiling rustc_version v0.2.3
[INFO] [stderr]     Checking encoding v0.2.33
[INFO] [stderr]     Checking idna v0.1.5
[INFO] [stderr]     Checking http v0.1.13
[INFO] [stderr]    Compiling quote v0.6.8
[INFO] [stderr]     Checking crossbeam-epoch v0.5.2
[INFO] [stderr]     Checking crossbeam-epoch v0.6.0
[INFO] [stderr]     Checking thread_local v0.3.6
[INFO] [stderr]     Checking snap v0.2.5
[INFO] [stderr]     Checking tokio-executor v0.1.5
[INFO] [stderr]     Checking tokio-io v0.1.10
[INFO] [stderr]     Checking tower-service v0.1.0
[INFO] [stderr]     Checking futures-cpupool v0.1.8
[INFO] [stderr]    Compiling phf_shared v0.7.23
[INFO] [stderr]    Compiling syn v0.14.9
[INFO] [stderr]    Compiling syn v0.15.13
[INFO] [stderr]     Checking aho-corasick v0.6.8
[INFO] [stderr]    Compiling parking_lot_core v0.3.1
[INFO] [stderr]     Checking mio-uds v0.6.7
[INFO] [stderr]     Checking url v1.7.1
[INFO] [stderr]     Checking mime v0.3.12
[INFO] [stderr]    Compiling backtrace-sys v0.1.24
[INFO] [stderr]    Compiling brotli-sys v0.3.2
[INFO] [stderr]    Compiling miniz-sys v0.1.11
[INFO] [stderr]    Compiling ring v0.13.2
[INFO] [stderr]    Compiling phf_generator v0.7.23
[INFO] [stderr]     Checking phf v0.7.23
[INFO] [stderr]     Checking tokio-timer v0.2.7
[INFO] [stderr]     Checking tokio-current-thread v0.1.3
[INFO] [stderr]     Checking crossbeam-deque v0.6.1
[INFO] [stderr]     Checking uuid v0.7.1
[INFO] [stderr]     Checking cdrs v2.0.0-beta.3
[INFO] [stderr]    Compiling phf_codegen v0.7.23
[INFO] [stderr]     Checking regex v1.0.5
[INFO] [stderr]     Checking tokio-codec v0.1.1
[INFO] [stderr]     Checking tokio-threadpool v0.1.8
[INFO] [stderr]    Compiling mime_guess v2.0.0-alpha.6
[INFO] [stderr]     Checking parking_lot v0.6.4
[INFO] [stderr]     Checking flate2 v1.0.4
[INFO] [stderr]     Checking backtrace v0.3.9
[INFO] [stderr]     Checking tokio-reactor v0.1.6
[INFO] [stderr]     Checking crossbeam-channel v0.2.6
[INFO] [stderr]     Checking tokio-fs v0.1.4
[INFO] [stderr]    Compiling cdrs_helpers_derive v0.2.0
[INFO] [stderr]     Checking error-chain v0.1.12
[INFO] [stderr]     Checking tokio-udp v0.1.2
[INFO] [stderr]     Checking tokio-tcp v0.1.2
[INFO] [stderr]     Checking tokio-uds v0.2.3
[INFO] [stderr]     Checking tokio-signal v0.2.6
[INFO] [stderr]     Checking h2 v0.1.13
[INFO] [stderr]     Checking trust-dns-proto v0.4.3
[INFO] [stderr]     Checking tokio v0.1.11
[INFO] [stderr]    Compiling serde_derive v1.0.80
[INFO] [stderr]     Checking trust-dns-resolver v0.9.1
[INFO] [stderr]     Checking cookie v0.11.0
[INFO] [stderr]     Checking serde_json v1.0.32
[INFO] [stderr]     Checking serde_urlencoded v0.5.3
[INFO] [stderr]     Checking brotli2 v0.3.2
[INFO] [stderr]    Compiling synstructure v0.9.0
[INFO] [stderr]    Compiling actix_derive v0.3.0
[INFO] [stderr]     Checking failure v0.1.2
[INFO] [stderr]     Checking trust-dns-proto v0.5.0-alpha.5
[INFO] [stderr]     Checking actix v0.7.5
[INFO] [stderr]     Checking trust-dns-resolver v0.10.0-alpha.3
[INFO] [stderr]     Checking actix-net v0.1.1
[INFO] [stderr]     Checking crud_actix v0.1.0 (/opt/rustwide/workdir)
[INFO] [stdout] error: cannot find macro `query_values` in this scope
[INFO] [stdout]   --> src/crud_operation/insert.rs:18:47
[INFO] [stdout]    |
[INFO] [stdout] 18 |         .query_with_values(insert_struct_cql, query_values!( stu.roll_no, stu.marks, stu.name))
[INFO] [stdout]    |                                               ^^^^^^^^^^^^
[INFO] [stdout] 
[INFO] [stdout] 
[INFO] [stdout] error: cannot find macro `query_values` in this scope
[INFO] [stdout]   --> src/crud_operation/remove.rs:10:47
[INFO] [stdout]    |
[INFO] [stdout] 10 |         .query_with_values(delete_struct_cql, query_values!(roll_no))
[INFO] [stdout]    |                                               ^^^^^^^^^^^^
[INFO] [stdout] 
[INFO] [stdout] 
[INFO] [stdout] error: cannot find macro `query_values` in this scope
[INFO] [stdout]   --> src/crud_operation/update.rs:15:47
[INFO] [stdout]    |
[INFO] [stdout] 15 |         .query_with_values(update_struct_cql, query_values!(stu.marks,stu.name,stu.roll_no))
[INFO] [stdout]    |                                               ^^^^^^^^^^^^
[INFO] [stdout] 
[INFO] [stdout] 
[INFO] [stdout] error: cannot find macro `query_values` in this scope
[INFO] [stdout]   --> src/crud_operation/display.rs:13:61
[INFO] [stdout]    |
[INFO] [stdout] 13 |     let rows = session.query_with_values(select_struct_cql, query_values!(roll_no))
[INFO] [stdout]    |                                                             ^^^^^^^^^^^^
[INFO] [stdout] 
[INFO] [stdout] 
[INFO] [stdout] warning: unused import: `cdrs::query::*`
[INFO] [stdout]  --> src/crud_operation/insert.rs:4:5
[INFO] [stdout]   |
[INFO] [stdout] 4 | use cdrs::query::*;
[INFO] [stdout]   |     ^^^^^^^^^^^^^^
[INFO] [stdout]   |
[INFO] [stdout]   = note: `#[warn(unused_imports)]` on by default
[INFO] [stdout] 
[INFO] [stdout] 
[INFO] [stdout] warning: unused import: `cdrs::types::prelude::*`
[INFO] [stdout]  --> src/crud_operation/insert.rs:6:5
[INFO] [stdout]   |
[INFO] [stdout] 6 | use cdrs::types::prelude::*;
[INFO] [stdout]   |     ^^^^^^^^^^^^^^^^^^^^^^^
[INFO] [stdout] 
[INFO] [stdout] 
[INFO] [stdout] warning: unused import: `models::Student`
[INFO] [stdout]  --> src/crud_operation/remove.rs:2:5
[INFO] [stdout]   |
[INFO] [stdout] 2 | use models::Student;
[INFO] [stdout]   |     ^^^^^^^^^^^^^^^
[INFO] [stdout] 
[INFO] [stdout] 
[INFO] [stdout] warning: unused import: `cdrs::types::prelude::*`
[INFO] [stdout]  --> src/crud_operation/update.rs:5:5
[INFO] [stdout]   |
[INFO] [stdout] 5 | use cdrs::types::prelude::*;
[INFO] [stdout]   |     ^^^^^^^^^^^^^^^^^^^^^^^
[INFO] [stdout] 
[INFO] [stdout] 
[INFO] [stdout] warning: unused import: `cdrs::query::*`
[INFO] [stdout]  --> src/crud_operation/display.rs:4:5
[INFO] [stdout]   |
[INFO] [stdout] 4 | use cdrs::query::*;
[INFO] [stdout]   |     ^^^^^^^^^^^^^^
[INFO] [stdout] 
[INFO] [stdout] 
[INFO] [stdout] warning: unused import: `cdrs::query::QueryValues`
[INFO] [stdout]  --> src/crud_operation/display.rs:5:5
[INFO] [stdout]   |
[INFO] [stdout] 5 | use cdrs::query::QueryValues;
[INFO] [stdout]   |     ^^^^^^^^^^^^^^^^^^^^^^^^
[INFO] [stdout] 
[INFO] [stdout] 
[INFO] [stdout] warning: unused import: `cdrs::query::*`
[INFO] [stdout]  --> src/models.rs:3:5
[INFO] [stdout]   |
[INFO] [stdout] 3 | use cdrs::query::*;
[INFO] [stdout]   |     ^^^^^^^^^^^^^^
[INFO] [stdout] 
[INFO] [stdout] 
[INFO] [stdout] warning: unused import: `cdrs::query::QueryExecutor`
[INFO] [stdout]  --> src/models.rs:4:5
[INFO] [stdout]   |
[INFO] [stdout] 4 | use cdrs::query::QueryExecutor;
[INFO] [stdout]   |     ^^^^^^^^^^^^^^^^^^^^^^^^^^
[INFO] [stdout] 
[INFO] [stdout] 
[INFO] [stdout] error: cannot find macro `query_values` in this scope
[INFO] [stdout]   --> src/crud_operation/insert.rs:18:47
[INFO] [stdout]    |
[INFO] [stdout] 18 |         .query_with_values(insert_struct_cql, query_values!( stu.roll_no, stu.marks, stu.name))
[INFO] [stdout]    |                                               ^^^^^^^^^^^^
[INFO] [stdout] 
[INFO] [stdout] 
[INFO] [stdout] error: cannot find macro `query_values` in this scope
[INFO] [stdout]   --> src/crud_operation/remove.rs:10:47
[INFO] [stdout]    |
[INFO] [stdout] 10 |         .query_with_values(delete_struct_cql, query_values!(roll_no))
[INFO] [stdout]    |                                               ^^^^^^^^^^^^
[INFO] [stdout] 
[INFO] [stdout] 
[INFO] [stdout] error: cannot find macro `query_values` in this scope
[INFO] [stdout]   --> src/crud_operation/update.rs:15:47
[INFO] [stdout]    |
[INFO] [stdout] 15 |         .query_with_values(update_struct_cql, query_values!(stu.marks,stu.name,stu.roll_no))
[INFO] [stdout]    |                                               ^^^^^^^^^^^^
[INFO] [stdout] 
[INFO] [stdout] 
[INFO] [stdout] error: cannot find macro `query_values` in this scope
[INFO] [stdout]   --> src/crud_operation/display.rs:13:61
[INFO] [stdout]    |
[INFO] [stdout] 13 |     let rows = session.query_with_values(select_struct_cql, query_values!(roll_no))
[INFO] [stdout]    |                                                             ^^^^^^^^^^^^
[INFO] [stdout] 
[INFO] [stdout] 
[INFO] [stdout] warning: unused import: `cdrs::query::*`
[INFO] [stdout]  --> src/crud_operation/insert.rs:4:5
[INFO] [stdout]   |
[INFO] [stdout] 4 | use cdrs::query::*;
[INFO] [stdout]   |     ^^^^^^^^^^^^^^
[INFO] [stdout]   |
[INFO] [stdout]   = note: `#[warn(unused_imports)]` on by default
[INFO] [stdout] 
[INFO] [stdout] 
[INFO] [stdout] warning: unused import: `cdrs::types::prelude::*`
[INFO] [stdout]  --> src/crud_operation/insert.rs:6:5
[INFO] [stdout]   |
[INFO] [stdout] 6 | use cdrs::types::prelude::*;
[INFO] [stdout]   |     ^^^^^^^^^^^^^^^^^^^^^^^
[INFO] [stdout] 
[INFO] [stdout] 
[INFO] [stdout] warning: unused import: `models::Student`
[INFO] [stdout]  --> src/crud_operation/remove.rs:2:5
[INFO] [stdout]   |
[INFO] [stdout] 2 | use models::Student;
[INFO] [stdout]   |     ^^^^^^^^^^^^^^^
[INFO] [stdout] 
[INFO] [stdout] 
[INFO] [stdout] warning: unused import: `cdrs::types::prelude::*`
[INFO] [stdout]  --> src/crud_operation/update.rs:5:5
[INFO] [stdout]   |
[INFO] [stdout] 5 | use cdrs::types::prelude::*;
[INFO] [stdout]   |     ^^^^^^^^^^^^^^^^^^^^^^^
[INFO] [stdout] 
[INFO] [stdout] 
[INFO] [stdout] warning: unused import: `cdrs::query::*`
[INFO] [stdout]  --> src/crud_operation/display.rs:4:5
[INFO] [stdout]   |
[INFO] [stdout] 4 | use cdrs::query::*;
[INFO] [stdout]   |     ^^^^^^^^^^^^^^
[INFO] [stdout] 
[INFO] [stdout] 
[INFO] [stdout] warning: unused import: `cdrs::query::QueryValues`
[INFO] [stdout]  --> src/crud_operation/display.rs:5:5
[INFO] [stdout]   |
[INFO] [stdout] 5 | use cdrs::query::QueryValues;
[INFO] [stdout]   |     ^^^^^^^^^^^^^^^^^^^^^^^^
[INFO] [stdout] 
[INFO] [stdout] 
[INFO] [stdout] warning: unused import: `cdrs::query::*`
[INFO] [stdout]  --> src/models.rs:3:5
[INFO] [stdout]   |
[INFO] [stdout] 3 | use cdrs::query::*;
[INFO] [stdout]   |     ^^^^^^^^^^^^^^
[INFO] [stdout] 
[INFO] [stdout] 
[INFO] [stdout] warning: unused import: `cdrs::query::QueryExecutor`
[INFO] [stdout]  --> src/models.rs:4:5
[INFO] [stdout]   |
[INFO] [stdout] 4 | use cdrs::query::QueryExecutor;
[INFO] [stdout]   |     ^^^^^^^^^^^^^^^^^^^^^^^^^^
[INFO] [stdout] 
[INFO] [stdout] 
[INFO] [stdout] error[E0599]: no method named `query` found for reference `&cdrs::cluster::session::Session<RoundRobin<r2d2::Pool<TcpConnectionsManager<NoneAuthenticator>>>>` in the current scope
[INFO] [stdout]  --> src/set_up/keyspace.rs:7:10
[INFO] [stdout]   |
[INFO] [stdout] 7 |         .query(create_ks)
[INFO] [stdout]   |          ^^^^^ method not found in `&cdrs::cluster::session::Session<RoundRobin<r2d2::Pool<TcpConnectionsManager<NoneAuthenticator>>>>`
[INFO] [stdout]   |
[INFO] [stdout]   = help: items from traits can only be used if the trait is in scope
[INFO] [stdout]   = note: the following trait is implemented but not in scope; perhaps add a `use` for it:
[INFO] [stdout]           `use cdrs::query::QueryExecutor;`
[INFO] [stdout] 
[INFO] [stdout] 
[INFO] [stdout] error[E0599]: no method named `query` found for reference `&cdrs::cluster::session::Session<RoundRobin<r2d2::Pool<TcpConnectionsManager<NoneAuthenticator>>>>` in the current scope
[INFO] [stdout]  --> src/set_up/table.rs:8:10
[INFO] [stdout]   |
[INFO] [stdout] 8 |         .query(create_table_cql)
[INFO] [stdout]   |          ^^^^^ method not found in `&cdrs::cluster::session::Session<RoundRobin<r2d2::Pool<TcpConnectionsManager<NoneAuthenticator>>>>`
[INFO] [stdout]   |
[INFO] [stdout]   = help: items from traits can only be used if the trait is in scope
[INFO] [stdout]   = note: the following trait is implemented but not in scope; perhaps add a `use` for it:
[INFO] [stdout]           `use cdrs::query::QueryExecutor;`
[INFO] [stdout] 
[INFO] [stdout] 
[INFO] [stdout] error: aborting due to 6 previous errors; 8 warnings emitted
[INFO] [stdout] 
[INFO] [stdout] 
[INFO] [stdout] For more information about this error, try `rustc --explain E0599`.
[INFO] [stdout] 
[INFO] [stdout] error[E0599]: no method named `query` found for reference `&cdrs::cluster::session::Session<RoundRobin<r2d2::Pool<TcpConnectionsManager<NoneAuthenticator>>>>` in the current scope
[INFO] [stdout]  --> src/set_up/keyspace.rs:7:10
[INFO] [stdout]   |
[INFO] [stdout] 7 |         .query(create_ks)
[INFO] [stdout]   |          ^^^^^ method not found in `&cdrs::cluster::session::Session<RoundRobin<r2d2::Pool<TcpConnectionsManager<NoneAuthenticator>>>>`
[INFO] [stdout]   |
[INFO] [stdout]   = help: items from traits can only be used if the trait is in scope
[INFO] [stdout]   = note: the following trait is implemented but not in scope; perhaps add a `use` for it:
[INFO] [stdout]           `use cdrs::query::QueryExecutor;`
[INFO] [stdout] 
[INFO] [stdout] 
[INFO] [stdout] error[E0599]: no method named `query` found for reference `&cdrs::cluster::session::Session<RoundRobin<r2d2::Pool<TcpConnectionsManager<NoneAuthenticator>>>>` in the current scope
[INFO] [stdout]  --> src/set_up/table.rs:8:10
[INFO] [stdout]   |
[INFO] [stdout] 8 |         .query(create_table_cql)
[INFO] [stdout]   |          ^^^^^ method not found in `&cdrs::cluster::session::Session<RoundRobin<r2d2::Pool<TcpConnectionsManager<NoneAuthenticator>>>>`
[INFO] [stdout]   |
[INFO] [stdout]   = help: items from traits can only be used if the trait is in scope
[INFO] [stdout]   = note: the following trait is implemented but not in scope; perhaps add a `use` for it:
[INFO] [stdout]           `use cdrs::query::QueryExecutor;`
[INFO] [stdout] 
[INFO] [stdout] 
[INFO] [stderr] error: could not compile `crud_actix`.
[INFO] [stderr] 
[INFO] [stderr] To learn more, run the command again with --verbose.
[INFO] [stderr] warning: build failed, waiting for other jobs to finish...
[INFO] [stdout] error: aborting due to 6 previous errors; 8 warnings emitted
[INFO] [stdout] 
[INFO] [stdout] 
[INFO] [stdout] For more information about this error, try `rustc --explain E0599`.
[INFO] [stdout] 
[INFO] [stderr] error: build failed
[INFO] running `Command { std: "docker" "inspect" "a1a9f3c7ead220a83ba569ddd5e70a518e1392f416584561fa58b8be86b9cb5f", kill_on_drop: false }`
[INFO] running `Command { std: "docker" "rm" "-f" "a1a9f3c7ead220a83ba569ddd5e70a518e1392f416584561fa58b8be86b9cb5f", kill_on_drop: false }`
[INFO] [stdout] a1a9f3c7ead220a83ba569ddd5e70a518e1392f416584561fa58b8be86b9cb5f
